{"id":96503,"date":"2021-04-09T16:55:23","date_gmt":"2021-04-09T16:55:23","guid":{"rendered":"https:\/\/indi.cat\/?page_id=96503"},"modified":"2021-05-01T17:17:46","modified_gmt":"2021-05-01T17:17:46","slug":"2021-eudald-carbonell","status":"publish","type":"page","link":"https:\/\/indi.cat\/es\/2021-eudald-carbonell\/","title":{"rendered":"Eudald Carbonell"},"content":{"rendered":"<div class=\"wpb-content-wrapper\"><p>[vc_row margin_top=\u00bb50px\u00bb margin_bottom=\u00bb40px\u00bb][vc_column width=\u00bb1\/4&#8243; css=\u00bb.vc_custom_1489653926973{margin-top: -20px !important;}\u00bb][vc_single_image image=\u00bb94652&#8243; img_size=\u00bbfull\u00bb alignment=\u00bbcenter\u00bb image_hovers=\u00bbfalse\u00bb][\/vc_column][vc_column width=\u00bb3\/4&#8243;][vc_column_text el_class=\u00bbtitu-negre\u00bb css=\u00bb.vc_custom_1617987308373{margin-bottom: 40px !important;}\u00bb]Eudald Carbonell[\/vc_column_text][vc_column_text]Prehistoriador y licenciado en filosof\u00eda y letras por la Universidad Aut\u00f3noma de Barcelona (1976), se doctor\u00f3 en geolog\u00eda del Cuaternario en la Universidad Pierre et Marie Curie Paris VI (1986) y en geograf\u00eda e historia en la Universidad de Barcelona (1988). Colaborador del Consejo Superior de Investigaciones Cient\u00edficas, en 1988 se incorpor\u00f3 como profesor en la Universidad Rovira i Virgili (hasta el 1991), delegaci\u00f3n de la Universidad de Barcelona en Tarragona, actualmente Universidad Rovira i Virgili, donde es catedr\u00e1tico de prehistoria desde 1999. Desde esta instituci\u00f3n impuls\u00f3 un equipo de investigaci\u00f3n interdisciplinario que se materializ\u00f3 en la creaci\u00f3n del Instituto Catal\u00e1n de Paleoecolog\u00eda Humana y Evoluci\u00f3n Social (IPHES) en 2004, que dirigi\u00f3 hasta 2015. Ha realizado numerosas excavaciones en yacimientos europeos y africanos, entre las que destacan las de Atapuerca, desde 1978, bajo la direcci\u00f3n de Emiliano Aguirre, a quien sucedi\u00f3 en 1991 conjuntamente con Jos\u00e9 Mar\u00eda Berm\u00fadez de Castro y Juan Luis Arsuaga, y la del Abric Roman\u00ed, que dirige desde 1983. Es patrono fundador y vicepresidente de la Fundaci\u00f3n Atapuerca.<\/p>\n<p>Es autor de un gran n\u00famero de trabajos, entre otros, el art\u00edculo publicado en la revista Science, conjuntamente con otros miembros del equipo de Atapuerca, con el t\u00edtulo <i>A Hominid from the Lower pl\u00e9istoc\u00e8ne of Atapuerca, Spain: possible Ancestor to Neanderthals and Modern Humans<\/i> (1997), en la que presentaba el <em>Homo antecesor<\/em>, el cual situaba en una fecha bastante anterior al establecimiento de los hom\u00ednidos en Europa.<\/p>\n<p>Destaca tambi\u00e9n como divulgador y autor de numerosos ensayos en los que expone su visi\u00f3n de la condici\u00f3n humana, influida por su formaci\u00f3n de paleoantrop\u00f3logo y por una \u00e9tica del progreso humano basada en el marxismo. Ha sido nombrado profesor distinguido de la Universidad Rovira i Virgili (2003), y es miembro del Cap\u00edtulo espa\u00f1ol del Club de Roma y de la Academia de Ciencias de Nueva York. En 1997 le fue concedido el premio Pr\u00edncipe de Asturias en representaci\u00f3n del equipo de Atapuerca. En el a\u00f1o 2000 recibi\u00f3 la Medalla Narc\u00eds Monturiol al m\u00e9rito cient\u00edfico, entregada por la Generalidad de Catalu\u00f1a, y en 2009 fue galardonado con el Premio Nacional de Cultura.[\/vc_column_text][\/vc_column][\/vc_row][vc_row type=\u00bbvc_default\u00bb full_width=\u00bbstretch_row_content_no_spaces\u00bb content_placement=\u00bbmiddle\u00bb css=\u00bb.vc_custom_1489394714797{margin-bottom: -70px !important;background-color: #000000 !important;}\u00bb][vc_column][vc_column_text css=\u00bb.vc_custom_1493106847678{margin-bottom: 5px !important;}\u00bb]<\/p>\n<div style=\"text-align: center; width: 100%;\"><a href=\"https:\/\/twitter.com\/INDI_viladecans\" target=\"_blank\" rel=\"noopener noreferrer\"><img decoding=\"async\" class=\"wp-image-65 size-full\" style=\"margin-right: 3px;\" src=\"https:\/\/indi.cat\/wp-content\/uploads\/twi-b.png\" alt=\"\" width=\"32\" height=\"37\" \/><\/a><a href=\"https:\/\/www.linkedin.com\/company-beta\/11070686\" target=\"_blank\" rel=\"noopener noreferrer\"><img decoding=\"async\" class=\"wp-image-63 size-full\" style=\"margin-right: 3px;\" src=\"https:\/\/indi.cat\/wp-content\/uploads\/link-b.png\" alt=\"\" width=\"32\" height=\"37\" \/><\/a><a href=\"https:\/\/www.youtube.com\/channel\/UCCZB7eGXiFeX1OEJ5z0Gykw\" target=\"_blank\" rel=\"noopener noreferrer\"><img decoding=\"async\" class=\"wp-image-68 size-full\" src=\"https:\/\/indi.cat\/wp-content\/uploads\/you-b-1.png\" alt=\"\" width=\"32\" height=\"37\" \/><\/a><\/div>\n<p>[\/vc_column_text][vc_column_text css=\u00bb.vc_custom_1489394798837{border-bottom-width: 15px !important;}\u00bb el_class=\u00bbblanc\u00bb]<\/p>\n<p style=\"text-align: center;\">#FENTLINDI<\/p>\n<p>[\/vc_column_text][\/vc_column][\/vc_row][vc_row][vc_column][vc_raw_html]PHN0eWxlPg0KLm1lbnUtaXRlbS0yNDYgYSAubWVudS1pdGVtLXRleHQgLm1lbnUtdGV4dCB7PGJyIC8+DQogICAgY29sb3I6ICMwMGE4YjQgIWltcG9ydGFudDs8YnIgLz4NCn08YnIgLz4NCjwvc3R5bGU+[\/vc_raw_html][\/vc_column][\/vc_row]<\/p>\n<\/div>","protected":false},"excerpt":{"rendered":"<p>[vc_row margin_top=\u00bb50px\u00bb margin_bottom=\u00bb40px\u00bb][vc_column width=\u00bb1\/4&#8243; css=\u00bb.vc_custom_1489653926973{margin-top: -20px !important;}\u00bb][vc_single_image image=\u00bb94652&#8243; img_size=\u00bbfull\u00bb alignment=\u00bbcenter\u00bb image_hovers=\u00bbfalse\u00bb][\/vc_column][vc_column width=\u00bb3\/4&#8243;][vc_column_text el_class=\u00bbtitu-negre\u00bb css=\u00bb.vc_custom_1617987308373{margin-bottom: 40px !important;}\u00bb]Eudald Carbonell[\/vc_column_text][vc_column_text]Prehistoriador y licenciado en filosof\u00eda y letras por la Universidad Aut\u00f3noma de Barcelona (1976), se doctor\u00f3 en geolog\u00eda del Cuaternario en la Universidad Pierre et Marie Curie Paris VI (1986) y en geograf\u00eda e historia en la Universidad de&hellip;<\/p>\n","protected":false},"author":1,"featured_media":0,"parent":0,"menu_order":0,"comment_status":"closed","ping_status":"closed","template":"","meta":{"footnotes":""},"class_list":["post-96503","page","type-page","status-publish","hentry","description-off"],"yoast_head":"<!-- This site is optimized with the Yoast SEO plugin v27.2 - https:\/\/yoast.com\/product\/yoast-seo-wordpress\/ -->\n<title>Eudald Carbonell - IND+I 2025<\/title>\n<meta name=\"robots\" content=\"index, follow, max-snippet:-1, max-image-preview:large, max-video-preview:-1\" \/>\n<link rel=\"canonical\" href=\"https:\/\/indi.cat\/es\/2021-eudald-carbonell\/\" \/>\n<meta property=\"og:locale\" content=\"es_ES\" \/>\n<meta property=\"og:type\" content=\"article\" \/>\n<meta property=\"og:title\" content=\"Eudald Carbonell - IND+I 2025\" \/>\n<meta property=\"og:description\" content=\"[vc_row margin_top=\u00bb50px\u00bb margin_bottom=\u00bb40px\u00bb][vc_column width=\u00bb1\/4&#8243; css=\u00bb.vc_custom_1489653926973{margin-top: -20px !important;}\u00bb][vc_single_image image=\u00bb94652&#8243; img_size=\u00bbfull\u00bb alignment=\u00bbcenter\u00bb image_hovers=\u00bbfalse\u00bb][\/vc_column][vc_column width=\u00bb3\/4&#8243;][vc_column_text el_class=\u00bbtitu-negre\u00bb css=\u00bb.vc_custom_1617987308373{margin-bottom: 40px !important;}\u00bb]Eudald Carbonell[\/vc_column_text][vc_column_text]Prehistoriador y licenciado en filosof\u00eda y letras por la Universidad Aut\u00f3noma de Barcelona (1976), se doctor\u00f3 en geolog\u00eda del Cuaternario en la Universidad Pierre et Marie Curie Paris VI (1986) y en geograf\u00eda e historia en la Universidad de&hellip;\" \/>\n<meta property=\"og:url\" content=\"https:\/\/indi.cat\/es\/2021-eudald-carbonell\/\" \/>\n<meta property=\"og:site_name\" content=\"IND+I 2025\" \/>\n<meta property=\"article:modified_time\" content=\"2021-05-01T17:17:46+00:00\" \/>\n<meta property=\"og:image\" content=\"https:\/\/indi.cat\/wp-content\/uploads\/twi-b.png\" \/>\n<meta name=\"twitter:card\" content=\"summary_large_image\" \/>\n<meta name=\"twitter:site\" content=\"@INDI_viladecans\" \/>\n<script type=\"application\/ld+json\" class=\"yoast-schema-graph\">{\"@context\":\"https:\/\/schema.org\",\"@graph\":[{\"@type\":\"WebPage\",\"@id\":\"https:\/\/indi.cat\/es\/2021-eudald-carbonell\/\",\"url\":\"https:\/\/indi.cat\/es\/2021-eudald-carbonell\/\",\"name\":\"Eudald Carbonell - IND+I 2025\",\"isPartOf\":{\"@id\":\"https:\/\/indi.cat\/#website\"},\"primaryImageOfPage\":{\"@id\":\"https:\/\/indi.cat\/es\/2021-eudald-carbonell\/#primaryimage\"},\"image\":{\"@id\":\"https:\/\/indi.cat\/es\/2021-eudald-carbonell\/#primaryimage\"},\"thumbnailUrl\":\"https:\/\/indi.cat\/wp-content\/uploads\/twi-b.png\",\"datePublished\":\"2021-04-09T16:55:23+00:00\",\"dateModified\":\"2021-05-01T17:17:46+00:00\",\"breadcrumb\":{\"@id\":\"https:\/\/indi.cat\/es\/2021-eudald-carbonell\/#breadcrumb\"},\"inLanguage\":\"es\",\"potentialAction\":[{\"@type\":\"ReadAction\",\"target\":[\"https:\/\/indi.cat\/es\/2021-eudald-carbonell\/\"]}]},{\"@type\":\"ImageObject\",\"inLanguage\":\"es\",\"@id\":\"https:\/\/indi.cat\/es\/2021-eudald-carbonell\/#primaryimage\",\"url\":\"https:\/\/indi.cat\/wp-content\/uploads\/twi-b.png\",\"contentUrl\":\"https:\/\/indi.cat\/wp-content\/uploads\/twi-b.png\"},{\"@type\":\"BreadcrumbList\",\"@id\":\"https:\/\/indi.cat\/es\/2021-eudald-carbonell\/#breadcrumb\",\"itemListElement\":[{\"@type\":\"ListItem\",\"position\":1,\"name\":\"Home\",\"item\":\"https:\/\/indi.cat\/es\/\"},{\"@type\":\"ListItem\",\"position\":2,\"name\":\"Eudald Carbonell\"}]},{\"@type\":\"WebSite\",\"@id\":\"https:\/\/indi.cat\/#website\",\"url\":\"https:\/\/indi.cat\/\",\"name\":\"IND+I 2025\",\"description\":\"Viladecans\",\"potentialAction\":[{\"@type\":\"SearchAction\",\"target\":{\"@type\":\"EntryPoint\",\"urlTemplate\":\"https:\/\/indi.cat\/?s={search_term_string}\"},\"query-input\":{\"@type\":\"PropertyValueSpecification\",\"valueRequired\":true,\"valueName\":\"search_term_string\"}}],\"inLanguage\":\"es\"}]}<\/script>\n<!-- \/ Yoast SEO plugin. -->","yoast_head_json":{"title":"Eudald Carbonell - IND+I 2025","robots":{"index":"index","follow":"follow","max-snippet":"max-snippet:-1","max-image-preview":"max-image-preview:large","max-video-preview":"max-video-preview:-1"},"canonical":"https:\/\/indi.cat\/es\/2021-eudald-carbonell\/","og_locale":"es_ES","og_type":"article","og_title":"Eudald Carbonell - IND+I 2025","og_description":"[vc_row margin_top=\u00bb50px\u00bb margin_bottom=\u00bb40px\u00bb][vc_column width=\u00bb1\/4&#8243; css=\u00bb.vc_custom_1489653926973{margin-top: -20px !important;}\u00bb][vc_single_image image=\u00bb94652&#8243; img_size=\u00bbfull\u00bb alignment=\u00bbcenter\u00bb image_hovers=\u00bbfalse\u00bb][\/vc_column][vc_column width=\u00bb3\/4&#8243;][vc_column_text el_class=\u00bbtitu-negre\u00bb css=\u00bb.vc_custom_1617987308373{margin-bottom: 40px !important;}\u00bb]Eudald Carbonell[\/vc_column_text][vc_column_text]Prehistoriador y licenciado en filosof\u00eda y letras por la Universidad Aut\u00f3noma de Barcelona (1976), se doctor\u00f3 en geolog\u00eda del Cuaternario en la Universidad Pierre et Marie Curie Paris VI (1986) y en geograf\u00eda e historia en la Universidad de&hellip;","og_url":"https:\/\/indi.cat\/es\/2021-eudald-carbonell\/","og_site_name":"IND+I 2025","article_modified_time":"2021-05-01T17:17:46+00:00","og_image":[{"url":"https:\/\/indi.cat\/wp-content\/uploads\/twi-b.png","type":"","width":"","height":""}],"twitter_card":"summary_large_image","twitter_site":"@INDI_viladecans","schema":{"@context":"https:\/\/schema.org","@graph":[{"@type":"WebPage","@id":"https:\/\/indi.cat\/es\/2021-eudald-carbonell\/","url":"https:\/\/indi.cat\/es\/2021-eudald-carbonell\/","name":"Eudald Carbonell - IND+I 2025","isPartOf":{"@id":"https:\/\/indi.cat\/#website"},"primaryImageOfPage":{"@id":"https:\/\/indi.cat\/es\/2021-eudald-carbonell\/#primaryimage"},"image":{"@id":"https:\/\/indi.cat\/es\/2021-eudald-carbonell\/#primaryimage"},"thumbnailUrl":"https:\/\/indi.cat\/wp-content\/uploads\/twi-b.png","datePublished":"2021-04-09T16:55:23+00:00","dateModified":"2021-05-01T17:17:46+00:00","breadcrumb":{"@id":"https:\/\/indi.cat\/es\/2021-eudald-carbonell\/#breadcrumb"},"inLanguage":"es","potentialAction":[{"@type":"ReadAction","target":["https:\/\/indi.cat\/es\/2021-eudald-carbonell\/"]}]},{"@type":"ImageObject","inLanguage":"es","@id":"https:\/\/indi.cat\/es\/2021-eudald-carbonell\/#primaryimage","url":"https:\/\/indi.cat\/wp-content\/uploads\/twi-b.png","contentUrl":"https:\/\/indi.cat\/wp-content\/uploads\/twi-b.png"},{"@type":"BreadcrumbList","@id":"https:\/\/indi.cat\/es\/2021-eudald-carbonell\/#breadcrumb","itemListElement":[{"@type":"ListItem","position":1,"name":"Home","item":"https:\/\/indi.cat\/es\/"},{"@type":"ListItem","position":2,"name":"Eudald Carbonell"}]},{"@type":"WebSite","@id":"https:\/\/indi.cat\/#website","url":"https:\/\/indi.cat\/","name":"IND+I 2025","description":"Viladecans","potentialAction":[{"@type":"SearchAction","target":{"@type":"EntryPoint","urlTemplate":"https:\/\/indi.cat\/?s={search_term_string}"},"query-input":{"@type":"PropertyValueSpecification","valueRequired":true,"valueName":"search_term_string"}}],"inLanguage":"es"}]}},"_links":{"self":[{"href":"https:\/\/indi.cat\/es\/wp-json\/wp\/v2\/pages\/96503","targetHints":{"allow":["GET"]}}],"collection":[{"href":"https:\/\/indi.cat\/es\/wp-json\/wp\/v2\/pages"}],"about":[{"href":"https:\/\/indi.cat\/es\/wp-json\/wp\/v2\/types\/page"}],"author":[{"embeddable":true,"href":"https:\/\/indi.cat\/es\/wp-json\/wp\/v2\/users\/1"}],"replies":[{"embeddable":true,"href":"https:\/\/indi.cat\/es\/wp-json\/wp\/v2\/comments?post=96503"}],"version-history":[{"count":0,"href":"https:\/\/indi.cat\/es\/wp-json\/wp\/v2\/pages\/96503\/revisions"}],"wp:attachment":[{"href":"https:\/\/indi.cat\/es\/wp-json\/wp\/v2\/media?parent=96503"}],"curies":[{"name":"wp","href":"https:\/\/api.w.org\/{rel}","templated":true}]}}

<div class="wpb-content-wrapper"><p>[vc_row margin_top=»50px» margin_bottom=»40px»][vc_column width=»1/4&#8243; css=».vc_custom_1489653926973{margin-top: -20px !important;}»][vc_single_image image=»94652&#8243; img_size=»full» alignment=»center» image_hovers=»false»][/vc_column][vc_column width=»3/4&#8243;][vc_column_text el_class=»titu-negre» css=».vc_custom_1617987308373{margin-bottom: 40px !important;}»]Eudald Carbonell[/vc_column_text][vc_column_text]Prehistoriador y licenciado en filosofía y letras por la Universidad Autónoma de Barcelona (1976), se doctoró en geología del Cuaternario en la Universidad Pierre et Marie Curie Paris VI (1986) y en geografía e historia en la Universidad de Barcelona (1988). Colaborador del Consejo Superior de Investigaciones Científicas, en 1988 se incorporó como profesor en la Universidad Rovira i Virgili (hasta el 1991), delegación de la Universidad de Barcelona en Tarragona, actualmente Universidad Rovira i Virgili, donde es catedrático de prehistoria desde 1999. Desde esta institución impulsó un equipo de investigación interdisciplinario que se materializó en la creación del Instituto Catalán de Paleoecología Humana y Evolución Social (IPHES) en 2004, que dirigió hasta 2015. Ha realizado numerosas excavaciones en yacimientos europeos y africanos, entre las que destacan las de Atapuerca, desde 1978, bajo la dirección de Emiliano Aguirre, a quien sucedió en 1991 conjuntamente con José María Bermúdez de Castro y Juan Luis Arsuaga, y la del Abric Romaní, que dirige desde 1983. Es patrono fundador y vicepresidente de la Fundación Atapuerca.</p>
<p>Es autor de un gran número de trabajos, entre otros, el artículo publicado en la revista Science, conjuntamente con otros miembros del equipo de Atapuerca, con el título <i>A Hominid from the Lower pléistocène of Atapuerca, Spain: possible Ancestor to Neanderthals and Modern Humans</i> (1997), en la que presentaba el <em>Homo antecesor</em>, el cual situaba en una fecha bastante anterior al establecimiento de los homínidos en Europa.</p>
<p>Destaca también como divulgador y autor de numerosos ensayos en los que expone su visión de la condición humana, influida por su formación de paleoantropólogo y por una ética del progreso humano basada en el marxismo. Ha sido nombrado profesor distinguido de la Universidad Rovira i Virgili (2003), y es miembro del Capítulo español del Club de Roma y de la Academia de Ciencias de Nueva York. En 1997 le fue concedido el premio Príncipe de Asturias en representación del equipo de Atapuerca. En el año 2000 recibió la Medalla Narcís Monturiol al mérito científico, entregada por la Generalidad de Cataluña, y en 2009 fue galardonado con el Premio Nacional de Cultura.[/vc_column_text][/vc_column][/vc_row][vc_row type=»vc_default» full_width=»stretch_row_content_no_spaces» content_placement=»middle» css=».vc_custom_1489394714797{margin-bottom: -70px !important;background-color: #000000 !important;}»][vc_column][vc_column_text css=».vc_custom_1493106847678{margin-bottom: 5px !important;}»]</p>
<div style="text-align: center; width: 100%;"><a href="https://twitter.com/INDI_viladecans" target="_blank" rel="noopener noreferrer"><img decoding="async" class="wp-image-65 size-full" style="margin-right: 3px;" src="https://indi.cat/wp-content/uploads/twi-b.png" alt="" width="32" height="37" /></a><a href="https://www.linkedin.com/company-beta/11070686" target="_blank" rel="noopener noreferrer"><img decoding="async" class="wp-image-63 size-full" style="margin-right: 3px;" src="https://indi.cat/wp-content/uploads/link-b.png" alt="" width="32" height="37" /></a><a href="https://www.youtube.com/channel/UCCZB7eGXiFeX1OEJ5z0Gykw" target="_blank" rel="noopener noreferrer"><img decoding="async" class="wp-image-68 size-full" src="https://indi.cat/wp-content/uploads/you-b-1.png" alt="" width="32" height="37" /></a></div>
<p>[/vc_column_text][vc_column_text css=».vc_custom_1489394798837{border-bottom-width: 15px !important;}» el_class=»blanc»]</p>
<p style="text-align: center;">#FENTLINDI</p>
<p>[/vc_column_text][/vc_column][/vc_row][vc_row][vc_column][vc_raw_html]PHN0eWxlPg0KLm1lbnUtaXRlbS0yNDYgYSAubWVudS1pdGVtLXRleHQgLm1lbnUtdGV4dCB7PGJyIC8+DQogICAgY29sb3I6ICMwMGE4YjQgIWltcG9ydGFudDs8YnIgLz4NCn08YnIgLz4NCjwvc3R5bGU+[/vc_raw_html][/vc_column][/vc_row]</p>
</div>

<p>[vc_row margin_top=»50px» margin_bottom=»40px»][vc_column width=»1/4&#8243; css=».vc_custom_1489653926973{margin-top: -20px !important;}»][vc_single_image image=»94652&#8243; img_size=»full» alignment=»center» image_hovers=»false»][/vc_column][vc_column width=»3/4&#8243;][vc_column_text el_class=»titu-negre» css=».vc_custom_1617987308373{margin-bottom: 40px !important;}»]Eudald Carbonell[/vc_column_text][vc_column_text]Prehistoriador y licenciado en filosofía y letras por la Universidad Autónoma de Barcelona (1976), se doctoró en geología del Cuaternario en la Universidad Pierre et Marie Curie Paris VI (1986) y en geografía e historia en la Universidad de&hellip;</p>

<!-- This site is optimized with the Yoast SEO plugin v27.2 - https://yoast.com/product/yoast-seo-wordpress/ -->
<title>Eudald Carbonell - IND+I 2025</title>
<meta name="robots" content="index, follow, max-snippet:-1, max-image-preview:large, max-video-preview:-1" />
<link rel="canonical" href="https://indi.cat/es/2021-eudald-carbonell/" />
<meta property="og:locale" content="es_ES" />
<meta property="og:type" content="article" />
<meta property="og:title" content="Eudald Carbonell - IND+I 2025" />
<meta property="og:description" content="[vc_row margin_top=»50px» margin_bottom=»40px»][vc_column width=»1/4&#8243; css=».vc_custom_1489653926973{margin-top: -20px !important;}»][vc_single_image image=»94652&#8243; img_size=»full» alignment=»center» image_hovers=»false»][/vc_column][vc_column width=»3/4&#8243;][vc_column_text el_class=»titu-negre» css=».vc_custom_1617987308373{margin-bottom: 40px !important;}»]Eudald Carbonell[/vc_column_text][vc_column_text]Prehistoriador y licenciado en filosofía y letras por la Universidad Autónoma de Barcelona (1976), se doctoró en geología del Cuaternario en la Universidad Pierre et Marie Curie Paris VI (1986) y en geografía e historia en la Universidad de&hellip;" />
<meta property="og:url" content="https://indi.cat/es/2021-eudald-carbonell/" />
<meta property="og:site_name" content="IND+I 2025" />
<meta property="article:modified_time" content="2021-05-01T17:17:46+00:00" />
<meta property="og:image" content="https://indi.cat/wp-content/uploads/twi-b.png" />
<meta name="twitter:card" content="summary_large_image" />
<meta name="twitter:site" content="@INDI_viladecans" />
<script type="application/ld+json" class="yoast-schema-graph">{"@context":"https://schema.org","@graph":[{"@type":"WebPage","@id":"https://indi.cat/es/2021-eudald-carbonell/","url":"https://indi.cat/es/2021-eudald-carbonell/","name":"Eudald Carbonell - IND+I 2025","isPartOf":{"@id":"https://indi.cat/#website"},"primaryImageOfPage":{"@id":"https://indi.cat/es/2021-eudald-carbonell/#primaryimage"},"image":{"@id":"https://indi.cat/es/2021-eudald-carbonell/#primaryimage"},"thumbnailUrl":"https://indi.cat/wp-content/uploads/twi-b.png","datePublished":"2021-04-09T16:55:23+00:00","dateModified":"2021-05-01T17:17:46+00:00","breadcrumb":{"@id":"https://indi.cat/es/2021-eudald-carbonell/#breadcrumb"},"inLanguage":"es","potentialAction":[{"@type":"ReadAction","target":["https://indi.cat/es/2021-eudald-carbonell/"]}]},{"@type":"ImageObject","inLanguage":"es","@id":"https://indi.cat/es/2021-eudald-carbonell/#primaryimage","url":"https://indi.cat/wp-content/uploads/twi-b.png","contentUrl":"https://indi.cat/wp-content/uploads/twi-b.png"},{"@type":"BreadcrumbList","@id":"https://indi.cat/es/2021-eudald-carbonell/#breadcrumb","itemListElement":[{"@type":"ListItem","position":1,"name":"Home","item":"https://indi.cat/es/"},{"@type":"ListItem","position":2,"name":"Eudald Carbonell"}]},{"@type":"WebSite","@id":"https://indi.cat/#website","url":"https://indi.cat/","name":"IND+I 2025","description":"Viladecans","potentialAction":[{"@type":"SearchAction","target":{"@type":"EntryPoint","urlTemplate":"https://indi.cat/?s={search_term_string}"},"query-input":{"@type":"PropertyValueSpecification","valueRequired":true,"valueName":"search_term_string"}}],"inLanguage":"es"}]}</script>
<!-- / Yoast SEO plugin. -->

[vc_row margin_top=»50px» margin_bottom=»40px»][vc_column width=»1/4&#8243; css=».vc_custom_1489653926973{margin-top: -20px !important;}»][vc_single_image image=»94652&#8243; img_size=»full» alignment=»center» image_hovers=»false»][/vc_column][vc_column width=»3/4&#8243;][vc_column_text el_class=»titu-negre» css=».vc_custom_1617987308373{margin-bottom: 40px !important;}»]Eudald Carbonell[/vc_column_text][vc_column_text]Prehistoriador y licenciado en filosofía y letras por la Universidad Autónoma de Barcelona (1976), se doctoró en geología del Cuaternario en la Universidad Pierre et Marie Curie Paris VI (1986) y en geografía e historia en la Universidad de&hellip;
